 = -4*q**3 + 8*q**2 - 5*q + 18. Let w(z) = 7*h(z) + 5*p(z). Determine w(-6).
-6
Let q = 117 + -119. Let j(s) = -3*s**2 - 4*s - 3. Give j(q).
-7
Suppose -w + 10 = -3*i, -i + 1 = 4. Let h = 14 + -14. Let j(l) = h - 4 + 2 + l. Determine j(w).
-1
Let a(h) = 2*h**2 + 3*h**2 + 0*h**3 + 3 + h**3. Let r be a(-5). Let g(f) = f - r*f + 3 + 0*f. Calculate g(3).
-3
Let w(t) = -t**3 + 3*t**2 + 2*t + 2. Let v = 8 + -4. What is w(v)?
-6
Let w(k) = k**2 + 2*k - 1. Let c(x) = -x**3 + 5*x**2 - x + 1. Let g be c(5). Let d = 1 + g. Give w(d).
2
Suppose -4*a + 4*v + 9 = 1, -v + 3 = 0. Let h(u) = -u - 7. Let t be h(-9). Let o(n) = -n**3 + 5*n - 9 - 3*n + 5*n**t + 2. Determine o(a).
3
Suppose 12 = -4*i, 18*i + 12 = 4*n + 14*i. Let b(v) = -5 - 4*v + 3*v + v**2 + 2. Determine b(n).
-3
Let x(c) = -2*c**2 + 56 - 24 + 6*c - 33. Let o(w) = -5*w - 1. Let y be o(-1). Give x(y).
-9
Let a = -49 + 46. Let p(l) = l**3 + 2*l**2 - l + 2. Determine p(a).
-4
Let c(v) = -5*v + 1. Let g be 12*3*2/12. Let z(a) = 14*a - 4. Let b(i) = g*z(i) + 17*c(i). Determine b(-3).
-4
Let w(n) = n**2 + 9*n + 2. Let i be w(-9). Let s(y) = -y**2 - 4*y**2 + 4*y**i + 3*y - 7*y. What is s(-3)?
3
Let b(s) = -s**3 - 6*s**2 - 7*s - 2. Let g(m) = -4*m**3 - 2*m**2 - m - 1. Let h be g(-2). Suppose -4*r - h = r. Give b(r).
8
Suppose 3*y + 12 = -0. Let x(a) = -a**2 - 5*a. Let r be x(y). Let d(p) = 1 + 0*p**2 + r*p + 4*p**2 - 2*p**2. What is d(-3)?
7
Let k(z) = -2 + z**3 - 6*z - 3*z + 7*z + 5*z**2. What is k(-4)?
22
Let u(y) be the first derivative of -3/2*y**2 - 3 - 3*y. Give u(-2).
3
Let g(o) = o**2 - 5*o + 1. Let r = -9 + 11. What is g(r)?
-5
Let j(w) = -w**3 + 4*w**2 + 5*w + 3. Suppose 0 = x - 2*x + 25. Suppose -2*y + 4*b = -10, 5*y + 2*b - x = -3*b. What is j(y)?
3
Suppose -6*b - 9 = -3*b. Let f(n) be the first derivative of n**3/3 + 2*n**2 - 2*n + 5. Give f(b).
-5
Let p(z) = -z**3 - z - 1. Let a(j) = -4*j**3 + 2*j**2 - 5*j - 1. Let g(m) = -a(m) + 5*p(m). Let y = -4 - -1. What is g(y)?
5
Suppose 0*c = 5*c - 25. Let b(u) = 3*u - 5. What is b(c)?
10
Let f(m) = -m**2 - 5*m - 10. Let x(a) = a - 1. Let n be x(-3). Let c be f(n). Let r(u) = 0*u + u**3 + 6*u**2 - u + 3*u + 5. What is r(c)?
-7
Let c(r) = 3*r**2 - 3*r + 2. Suppose -2*v = -3*q - 14, 5*v - 2*q = 21 + 14. Let h be ((-8)/(-2))/(v - 5). Calculate c(h).
8
Suppose 0*x - x + 2 = 0. Let u(z) = x*z - z**2 - 2*z + 2*z - 5 + 4*z. Give u(5).
0
Suppose 5*p - 5 = f, 0 = -p - 0*p + 4*f + 20. Let u(z) = z - 19. Calculate u(p).
-19
Let f(t) be the second derivative of t**4/12 + 7*t**3/6 + t**2/2 - 31*t. Determine f(-5).
-9
Let a(i) be the first derivative of i**4/12 - i**3/3 - i - 3. Let f(q) be the first derivative of a(q). Give f(4).
8
Let z(w) = 0*w + 3 + 1 - 5*w - w**3 + 6*w**2. Suppose 5*a + 31 = 3*y, 3*a - 5*y + 9 + 0 = 0. Let j = a - -13. Determine z(j).
4
Let x(w) = w**3 + w**2 + w**3 - 3*w**3 + 1 - w. Let k(c) = 2*c**3 + 2*c**2 + c - 7. Let t(j) = k(j) + 3*x(j). Let y be 2/((-10)/(-5)) + 1 + 2. Give t(y).
4
Suppose -3*t + u + 17 = 0, 2*t + 0 = 5*u - 6. Let w(r) = t*r**2 - 4*r**2 + 2*r + 1 + r**2 + r**2. Determine w(-1).
4
Let t(a) be the third derivative of -a**6/120 - a**5/30 + a**4/24 - a**3/6 - 7*a**2. What is t(-2)?
-3
Let n(i) be the third derivative of 0*i + 4*i**2 + 0 - 2/3*i**3 + 1/12*i**4. Determine n(4).
4
Let a(s) = -s**2 - 2*s + 6. Suppose -3*x = -2*x, -x + 25 = -5*w. Determine a(w).
-9
Let s(f) = -f**3 - 21. Let g = 160 - 160. What is s(g)?
-21
Suppose 5*i = m + 15, 4*i = 5*m - 6 - 3. Suppose -4*g + 47 = 5*z, i = 4*z - 5*g - 9. Let w(h) = h**3 - 8*h**2 + 8*h - 5. What is w(z)?
2
Let i = -8 - -13. Let t = 7 - i. Let r = t + -5. Let u(v) = 2*v + 2. What is u(r)?
-4
Let p(o) = -o**2 + 5*o + 7. Let x(a) = a**3 - a**2 + a + 2. Let v be x(0). Suppose 2*w - 4*g = 6, -4*w + 9 = v*g - 23. Calculate p(w).
-7
Let q(b) = b**2 - 10*b + 9. Suppose 3*x = -4*o + 47, x - 5*o + 11 = -o. Calculate q(x).
0
Let j = 4 - -2. Let u(s) = s**2 - 6*s + 4. Determine u(j).
4
Let x(j) = -j + 17. Let m be x(17). Let v(b) be the second derivative of 1/2*b**2 + m + 1/12*b**4 - 2*b - 1/20*b**5 + 1/6*b**3. Determine v(-1).
2
Let u(v) be the third derivative of -v**4/24 - 2*v**3/3 - 18*v**2. What is u(0)?
-4
Suppose -n + 5*b = -2*n - 15, -2*n - 5*b - 15 = 0. Let w(u) = u**3 - u**2 - 6. Determine w(n).
-6
Let j(h) = 5 - 7*h + 0*h**2 + 7*h**2 + 4*h**3 + 3*h**3 - 8*h**3. Give j(6).
-1
Let s be (-1)/(0 + (-1)/5). Let x(g) = g**3 - 5*g**2 + g - 1. Let c be x(s). Let a(b) = -b**3 + 5*b**2 - 7*b + 5. What is a(c)?
-7
Let u be (-27)/(-4) + (-5)/(-20). Let k(n) = -n**3 + 7*n**2 - n + 8. Determine k(u).
1
Let l = -22 + 22. Let a(b) = -b - 13. What is a(l)?
-13
Let g = 28 - 42. Let q = -14 - g. Let s(i) = i. Give s(q).
0
Let b = -13 + 10. Let j be (0 + 2 + b)/1. Let h(w) = 1 + 0*w**2 + w**2 + 7*w**3 + 3*w**3 + 2*w. Calculate h(j).
-10
Let v(f) = -f**3 + 2*f**2 + f + 3. Let h(t) = 5*t**2 + 13*t - 35. Let z(m) = 2*m**2 + 4*m - 12. Let u(n) = -3*h(n) + 8*z(n). Let l be u(6). What is v(l)?
-3
Let p(c) = c**2 - 3*c + 2. Let d(k) = k + 2. Let s be d(3). Suppose -27 = -s*y + 23. Suppose -2*v + y = 0, v - 18 = -4*z - v. Give p(z).
0
Let n(g) be the second derivative of 0 + 0*g**3 + 1/20*g**5 + 1/3*g**4 - 4*g - g**2. What is n(-3)?
7
Let b(u) = -u**3 - 5*u**2 + 9*u + 7. Let r(q) = -q**3 + 3*q**2 + 2*q + 5. Let a be r(4). Let y be (a + 2 - 8) + 3. Calculate b(y).
-11
Let s be (-1)/(-4) + (-2)/8. Let r(y) = y**2 + 2*y**3 + 2 - 3*y**3 + 3*y + 0*y + s*y. Determine r(3).
-7
Let n(h) = h + 1. Let d(l) = 3*l - 4. Let g(z) = -z + 2. Let q(v) = 3*d(v) + 7*g(v). Let t(c) = -13*n(c) + 6*q(c). Calculate t(-5).
4
Let d(n) = -n**3 - 4*n**2 - 4*n - 2. Let m be (-2)/((-3)/18*-3). Determine d(m).
14
Suppose -4*r - r = 25. Let u(i) = -5 - 13*i + 12*i + 2. Let n be u(r). Let m(s) = 2*s + 1. Give m(n).
5
Let d(w) = -6*w + 8. Let c(h) = -2*h + 3. Let t(v) = 11*c(v) - 4*d(v). Calculate t(3).
7
Let m(f) = -3*f**2 + 2*f - 5 - 4*f + 4 + f**3 + 2. Give m(4).
9
Let b(z) = -5*z**2 - 3*z - 4. Let j(c) = -11*c**2 - 5*c - 8. Let s(n) = 9*b(n) - 4*j(n). Give s(-6).
2
Let t(y) = y**3 - 4*y**2 - 7*y - 2. Let v be 2*(27/6)/3. Suppose -17 + 2 = -v*a. Give t(a).
-12
Let y(n) = -n**2 - n + 10. Suppose -5*j = 7 - 2. Let w = -1 - j. Calculate y(w).
10
Let w(d) = 2*d + 7. Let g = -3 + -2. Give w(g).
-3
Suppose -2*d = -4*w + 2*d - 12, -5*d = 4*w + 57. Let t(r) = 2*r + 5. Calculate t(w).
-11
Suppose 0 = 4*q + q + 10. Let u = 4 + q. Let j be 1*((-1 - -2) + u). Let t(y) = y - 1. Calculate t(j).
2
Let j(h) = -5*h**3 + 3*h**3 + h**3 + 6*h**2 - 5. Suppose 2*m - 26 = -4*n, 37 = 3*m + 3*n + n. Let l = -5 + m. What is j(l)?
-5
Let l(x) = -2*x - 4. Let q(y) = y**3 + 4*y**2 - 4*y - 6. Suppose v - 20 = 6*v. Let b be q(v). Suppose 3*h + b = -2. Give l(h).
4
Let c = -54 - -44. Let s(m) = -m**3 - 10*m**2 - 6. Calculate s(c).
-6
Let t(l) be the first derivative of -1/4*l**4 - 1 + 2/3*l**3 + 0*l + 1/2*l**2. Determine t(3).
-6
Let a(o) = -o**3 + 4*o**2 + o - 2. Let y(x) = x + 2 + 4 + 2*x - 2*x. Let k be y(-4). Give a(k).
8
Let o be (-12)/(-7) + (-4)/(-14). Let x(l) = l + 1. Let s(g) = g**3 - 3*g**2 + 6*g + 5. Let m(u) = -s(u) + 5*x(u). Give m(o).
2
Let a(l) = -3*l**3 - 5*l**2 - 7*l - 6. Let z(m) = -4*m**3 - 4*m**2 - 6*m - 5. Let t(q) = -4*a(q) + 5*z(q). Give t(-1).
9
Suppose -z - 3*z + o - 12 = 0, 0 = 2*o + 8. Let w(x) = x**3 + 4*x**2 + x + 2. What is w(z)?
-2
Let j(y) = -y - 24*y**3 + 6*y**3 + 9*y**3 - 1 + 10*y**3 + 3*y**2. Give j(-3).
2
Let z(v) = 3*v + 3. Let j be z(-3). Let r = j - -3. Let h(d) = -2*d + 2. Calculate h(r).
8
Let c(u) = -2*u**2 - u + 3. Let l(z) = -6 + 18*z - 1 + 3*z**2 - 16*z. Let n(w) = -7*c(w) - 3*l(w). Suppose 5*s = -7 + 2. Give n(s).
4
Let c(a) = 0*a + 1 - 3*a + 5*a + a**2. Determine c(-2).
1
Suppose -4*q + n = -n + 8, -16 = q - 4*n. Let d(x) = 2 - 10*x - x**3 + 3*x + q + 6*x**2 + 4. Give d(5).
-4
Let c(u) = u**2 - 7*u + 2. Let p be c(7). Let w(y) = -y**2 + 5*y + 8. Let s be w(6). Let g(q) = 1 + p + 0 - s*q. Determine g(4).
-5
Let t(y) = 4*y - 2 + 2*y + 5 - 6*y**2 + y**3. Let u = 22 + -17. Calculate t(u).
8
Let g(s) = 30*s + 0 + 3 - 29*s. Let l be (-43)/9 + 6/(-27). What is g(l)?
-2
Let l be (1/(-3))/(4/60). Let u(k) be the third derivative of -k**5/60 - 7*k**4/24 - k**3 - 3*k**2. What is u(l)?
4
Suppose 3*n - 20 = 2*o, 2*o + 8 = n